e remainder when 11644 is divided by 13?
9
What is the remainder when 3465 is divided by 1140?
45
What is the remainder when 1493 is divided by 371?
9
Calculate the remainder when 42551 is divided by 14181.
8
Calculate the remainder when 59973 is divided by 2855.
18
What is the remainder when 13320 is divided by 6642?
36
What is the remainder when 1019598 is divided by 476?
6
Calculate the remainder when 2657 is divided by 133.
130
Calculate the remainder when 190225 is divided by 118.
9
Calculate the remainder when 2535 is divided by 768.
231
What is the remainder when 14939 is divided by 187?
166
Calculate the remainder when 41791 is divided by 129.
124
What is the remainder when 2583 is divided by 161?
7
What is the remainder when 12250 is divided by 4080?
10
What is the remainder when 299120 is divided by 63?
59
Calculate the remainder when 140363 is divided by 767.
2
Calculate the remainder when 5911 is divided by 25.
11
What is the remainder when 192531 is divided by 298?
23
What is the remainder when 46298 is divided by 105?
98
Calculate the remainder when 64618 is divided by 33.
4
Calculate the remainder when 6957266 is divided by 115.
111
What is the remainder when 21325 is divided by 201?
19
Calculate the remainder when 248377 is divided by 233.
232
Calculate the remainder when 1792 is divided by 1424.
368
Calculate the remainder when 2254 is divided by 248.
22
What is the remainder when 60247 is divided by 20061?
64
Calculate the remainder when 30241 is divided by 6042.
31
What is the remainder when 12513 is divided by 694?
21
Calculate the remainder when 35640 is divided by 108.
0
What is the remainder when 10466 is divided by 10?
6
What is the remainder when 511827 is divided by 43?
41
What is the remainder when 414 is divided by 386?
28
Calculate the remainder when 4342 is divided by 255.
7
Calculate the remainder when 60227 is divided by 486.
449
What is the remainder when 5415 is divided by 302?
281
Calculate the remainder when 2206375 is divided by 8.
7
What is the remainder when 36116 is divided by 2615?
2121
Calculate the remainder when 64294 is divided by 10.
4
What is the remainder when 3446 is divided by 380?
26
What is the remainder when 3384 is divided by 1651?
82
What is the remainder when 167628 is divided by 2890?
8
Calculate the remainder when 53930 is divided by 2329.
363
What is the remainder when 107 is divided by 42?
23
Calculate the remainder when 14273 is divided by 192.
65
What is the remainder when 7323 is divided by 812?
15
Calculate the remainder when 47339 is divided by 323.
181
Calculate the remainder when 15981 is divided by 59.
51
What is the remainder when 2200 is divided by 420?
100
Calculate the remainder when 16635 is divided by 1386.
3
What is the remainder when 1526 is divided by 97?
71
What is the remainder when 90008 is divided by 63?
44
Calculate the remainder when 65068 is divided by 72.
52
Calculate the remainder when 19324 is divided by 816.
556
What is the remainder when 75147 is divided by 28?
23
What is the remainder when 55052 is divided by 124?
120
What is the remainder when 71491 is divided by 10204?
63
Calculate the remainder when 444059 is divided by 6.
5
Calculate the remainder when 52584 is divided by 76.
68
Calculate the remainder when 57587 is divided by 306.
59
What is the remainder when 232039 is divided by 1275?
1264
What is the remainder when 466978 is divided by 73?
70
Calculate the remainder when 104319 is divided by 570.
9
What is the remainder when 3898 is divided by 299?
11
Calculate the remainder when 5070 is divided by 25.
20
Calculate the remainder when 7681 is divided by 2552.
25
Calculate the remainder when 2778 is divided by 313.
274
What is the remainder when 45522 is divided by 7585?
12
What is the remainder when 155163 is divided by 96?
27
What is the remainder when 10629 is divided by 965?
14
What is the remainder when 961 is divided by 72?
25
Calculate the remainder when 101239 is divided by 59.
54
What is the remainder when 22561 is divided by 182?
175
Calculate the remainder when 545 is divided by 26.
25
What is the remainder when 917256 is divided by 819?
795
Calculate the remainder when 1119 is divided by 269.
43
What is the remainder when 15993 is divided by 456?
33
Calculate the remainder when 1318 is divided by 86.
28
What is the remainder when 149503 is divided by 10?
3
Calculate the remainder when 15085 is divided by 2514.
1
What is the remainder when 426 is divided by 139?
9
What is the remainder when 1959 is divided by 95?
59
What is the remainder when 273789 is divided by 13?
9
Calculate the remainder when 834 is divided by 275.
9
Calculate the remainder when 139240 is divided by 417.
379
Calculate the remainder when 4448 is divided by 1106.
24
What is the remainder when 26914 is divided by 35?
34
What is the remainder when 74395 is divided by 45?
10
What is the remainder when 36084 is divided by 547?
529
Calculate the remainder when 1018941 is divided by 122.
119
Calculate the remainder when 23005 is divided by 1274.
73
Calculate the remainder when 1572 is divided by 452.
216
What is the remainder when 665 is divided by 633?
32
Calculate the remainder when 107746 is divided by 19.
16
What is the remainder when 48543 is divided by 323?
93
What is the remainder when 3906 is divided by 569?
492
What is the remainder when 13981 is divided by 40?
21
What is the remainder when 32440 is divided by 45?
40
What is the remainder when 2769 is divided by 293?
132
What is the remainder when 4908 is divided by 4908?
0
What is the remainder when 585070 is divided by 5970?
10
Calculate the remainder when 3034 is divided by 1641.
1393
Calculate the remainder when 1283334 is divided by 730.
724
Calculate the remainder when 10270 is divided by 5113.
44
Calculate the remainder when 7144 is divided by 158.
34
What is the remainder when 23355 is divided by 113?
77
What is the remainder when 46169 is divided by 15386?
11
What is the remainder when 123670 is divided by 75?
70
Calculate the remainder when 149628 is divided by 29922.
18
Calculate the remainder when 6178 is divided by 5041.
1137
Calculate the remainder when 54727 is divided by 340.
327
What is the remainder when 9166 is divided by 67?
54
What is the remainder when 3504 is divided by 218?
16
What is the remainder when 5692 is divided by 85?
82
What is the remainder when 92016 is divided by 46004?
8
What is the remainder when 7449 is divided by 7439?
10
What is the remainder when 934146 is divided by 29?
27
What is the remainder when 226093 is divided by 27?
22
What is the remainder when 73007 is divided by 35?
32
Calculate the remainder when 695 is divided by 335.
25
What is the remainder when 1091 is divided by 27?
11
Calculate the remainder when 3470 is divided by 1724.
22
Calculate the remainder when 4927 is divided by 69.
28
What is the remainder when 1566 is divided by 521?
3
What is the remainder when 15229 is divided by 1031?
795
Calculate the remainder when 31143 is divided by 13.
8
What is the remainder when 8987385 is divided by 23?
20
Calculate the remainder when 7829 is divided by 7818.
11
Calculate the remainder when 923 is divided by 793.
130
Calculate the remainder when 334966 is divided by 111651.
13
What is the remainder when 53960 is divided by 76?
0
Calculate the remainder when 570078 is divided by 140.
138
What is the remainder when 190733 is divided by 6810?
53
What is the remainder when 1952 is divided by 342?
242
What is the remainder when 9134 is divided by 3023?
65
Calculate the remainder when 64646 is divided by 735.
701
Calculate the remainder when 235908 is divided by 299.
296
What is the remainder when 10707 is divided by 342?
105
What is the remainder when 3533 is divided by 373?
176
Calculate the remainder when 383401 is divided by 1071.
1054
Calculate the remainder when 56595 is divided by 377.
45
What is the remainder when 30623 is divided by 245?
243
Calculate the remainder when 16218 is divided by 182.
20
Calculate the remainder when 1839070 is divided by 175.
170
What is the remainder when 7179 is divided by 898?
893
What is the remainder when 62071 is divided by 62048?
23
Calculate the remainder when 3942 is divided by 100.
42
Calculate the remainder when 113157 is 